5*n - 20 = 0. Let h = 32 - q. Suppose -b + h = b. What is the greatest common factor of b and 49?
7
Let g be 621/(-46)*7944/(-18). What is the highest common divisor of 18 and g?
18
Let f be (-3)/(8 + ((-144)/(-2))/(-8)). What is the highest common factor of 3312 and f?
3
Let o(a) = 21*a - 169. Let p be o(18). What is the highest common factor of p and 803?
11
Suppose -2*p + 4*p = -q + 17, 0 = 5*q - 2*p - 37. Suppose -390 = -4*r - q*r. Calculate the highest common factor of r and 270.
30
Let w(z) = z**2 - 10*z + 3. Let i be w(10). Suppose -i*s = -2*s - 20. Let k(r) = 6*r - 19. Let g be k(4). Calculate the highest common divisor of g and s.
5
Let b(m) = -4*m + 36. Let f be b(19). Let t = f - -42. Suppose -52 = -5*p + t*p + 2*h, -5*p - h + 65 = 0. What is the highest common divisor of 56 and p?
14
Let i(z) = -673*z + 2720. Let g be i(4). Let s = 0 - -3. Suppose 4*q - s*l - 1241 = 0, 0 = -2*l - 7 + 1. What is the highest common divisor of g and q?
28
Let n(h) = -h**2 + 6*h - 2. Let l be n(5). Let u = 22442 + -22424. What is the highest common factor of l and u?
3
Let g be (3 + 3)/((-11)/(-715)). What is the highest common factor of 1482 and g?
78
Let u(f) = f**2 + 2*f - 2. Let o be u(-4). Let w(s) = 286*s + 1402. Let d be w(-4). Calculate the greatest common factor of d and o.
6
Let s = -168 + 156. Let m be s/2 - 318*-1. What is the greatest common divisor of 39 and m?
39
Let s be 5 - (-105)/14 - (21/2)/3. What is the highest common divisor of 67 and s?
1
Suppose k - 410 = -2*m, 556 + 70 = 3*m - 4*k. Let x = 268 - m. Calculate the greatest common divisor of x and 217.
31
Suppose 147 = 42*y - 315. Let q be (-558)/(-8) - (-2)/8. Let c = q + -48. Calculate the greatest common divisor of c and y.
11
Suppose 2*h + i = 137, 0 = -h - 2*i - i + 61. What is the greatest common factor of 4 and h?
2
Let q be 132/(-198)*(3 - (-27)/(-1)). What is the greatest common divisor of 48 and q?
16
Suppose -12*w + 660 = -6*w. Let i = -162 - -182. What is the highest common factor of w and i?
10
Suppose 43226 = -63*x + 155492. Calculate the greatest common divisor of 12 and x.
6
Let l = -16 + -11. Let s be l/9 + 1/((-3)/(-666)). Suppose 0 = 11*i + 21 - s. Calculate the highest common divisor of 9 and i.
9
Suppose 0 = r + 5*u - 575, -25*r - 3*u = -12407 - 2334. What is the greatest common factor of r and 2242?
118
Suppose 4*b - 5136 = -4*i, 6424 = 36*i - 31*i + 4*b. What is the highest common factor of i and 56?
56
Let f be (-2377)/(-13) - (-6)/39. Let l = -12592 - -12653. Calculate the greatest common factor of l and f.
61
Let d = 3757 + -3692. Let f = 1496 + -1001. Suppose -d = -4*v + f. What is the highest common divisor of v and 28?
28
Let p(b) = 33*b**3 + b**2 + 4*b - 2. Let o be p(2). Let v = 388 - o. Calculate the highest common divisor of 171 and v.
57
Suppose 0 = 3*i + 6, 3*i + 232 = -3*x - 2. Let g = -47 - x. Suppose 21*l = 20*l + g. Calculate the highest common factor of l and 261.
29
Suppose 91*d - 104*d - 9334 = 0. Let j = d + 773. What is the greatest common divisor of 99 and j?
11
Let k(q) = 75*q + 1620. Let f be k(-21). Calculate the greatest common factor of 216 and f.
9
Suppose 3*a - d - 20 = 4*d, 4*a - 4*d - 16 = 0. Suppose -116 = -3*w + 2*i, 176 = 5*w - a*i + i. What is the greatest common divisor of 24 and w?
12
Suppose 103 = 3*t - 209. Let b be (-204)/(-16) - 1/12*-3. What is the highest common divisor of b and t?
13
Let k(h) = 9*h + 5 - 14*h + 22 + 3*h. Let r be k(12). Let l = 35 - r. Calculate the greatest common factor of l and 80.
16
Suppose 3*d + 279 = 5*a, 5*a - 83 = -6*d + 169. What is the highest common divisor of a and 1098?
18
Suppose s + 994 = m - 1270, -6*m - 2*s + 13616 = 0. Calculate the highest common divisor of m and 2520.
252
Let n(d) = 20*d - 77. Let y be n(4). Suppose -m + 5*s = m - 1620, 5*m - 4050 = y*s. Calculate the greatest common factor of m and 20.
10
Suppose 5*t - 6*t + 162 = 0. Let z be t/9 - (-6)/(-9)*6. Let s = -26 - -124. What is the greatest common factor of z and s?
14
Let i be (11 - 8) + 138 + -6. Calculate the greatest common divisor of i and 885.
15
Let f(h) = -6*h + 54. Let o(a) = -a**3 - 3*a**2 + 16*a + 17. Let b be o(-5). Let d be f(b). What is the highest common factor of d and 12?
12
Suppose c - 30 = -3*p, -3*p = 3*c + 4 - 40. Suppose -3*h - 4*r - 31 = -502, -3*r + p = 0. Suppose 4*o + 4 = 72. What is the highest common divisor of h and o?
17
Suppose -3*v = -119 - 25. Let k be 162/(-8 - (-266)/28). Calculate the greatest common divisor of v and k.
12
Suppose 70 = i + 4*i. Let n be (1 - -1) + (-2)/(-2) - -344. Suppose 633 + n = i*k. Calculate the highest common factor of 14 and k.
14
Let z = -269 + 271. Suppose -5*v + x + 74 = -2*x, 4*x - 40 = -z*v. What is the greatest common divisor of v and 400?
16
Suppose -44*w + 6070 - 1494 = 0. What is the highest common divisor of 377 and w?
13
Suppose -49*n + 38605 = -488978. Calculate the highest common factor of 333 and n.
111
Let c be (-3)/14 + (-4789617)/(-294). Calculate the greatest common factor of 11 and c.
11
Let s = -33 - -59. Suppose 35*p = s*p + 198. Calculate the greatest common factor of p and 176.
22
Suppose 0 = -33*t + 96 + 267. Calculate the highest common divisor of t and 2486.
11
Suppose 247*n - 182 = 248*n. Let o be (167 + n)*(-1 + 0/1). What is the highest common factor of o and 375?
15
Let n(f) = 2*f**2 - 12*f + 15. Suppose 4*a - 2*a - 2*q = 12, -4*a - 3*q + 31 = 0. Let u be n(a). Let g = u + 16. What is the highest common divisor of g and 5?
5
Let l = 3817 + -3741. What is the greatest common factor of l and 19?
19
Suppose 0 = 2*b - 425 + 71. Let w = 189 - b. Suppose -k - 1 = -37. Calculate the highest common divisor of w and k.
12
Suppose -141*v + 146*v + b = 162, -4*v - 3*b = -134. Calculate the greatest common factor of v and 392.
8
Suppose 9*k = 50 - 5. Suppose -5*u - n + 237 = 41, -4*u = k*n - 140. What is the greatest common factor of 8 and u?
8
Let k = -1158 - -14380. What is the highest common factor of 22 and k?
22
Let l(b) = -4*b**3 - 19*b**2 + 7*b + 7. Let g be l(-5). Let q be 2/(-6) + g/(-9). Let z be 42/3*(q + 6/3). What is the greatest common divisor of z and 4?
4
Let a = -147 + 371. Let v = a + -208. Calculate the highest common divisor of 4 and v.
4
Let o(l) = l**2 + 6*l + 7. Let s be o(-5). Let r = -1165 - -1167. What is the greatest common divisor of s and r?
2
Let w(s) = s**3 + 38*s**2 + 41*s + 260. Let k be w(-37). Suppose 1 = -2*i + 9. Calculate the greatest common divisor of i and k.
4
Let m(i) = 7*i**3 + 20*i**2 - 33*i + 539. Let x be m(14). What is the highest common divisor of x and 255?
255
Let j be ((-15)/(-10))/((-3)/(-94)). Let v = j - -29. Suppose 19 = 4*y - 3*y. What is the greatest common factor of y and v?
19
Let w be (-4)/((-96)/268) + 5/6. Let x = 10 + 20. Calculate the highest common factor of x and w.
6
Let r be -4*(-2 - 7/(-4)). Suppose -4*v = -v - 24. Let o be r - -10*v/(-20)*-5. Calculate the highest common divisor of o and 147.
21
Let i be ((16/(-56) - 4) + (-2)/(-7))*-1. What is the greatest common factor of i and 36?
4
Let z(q) = -q**2 - 30*q + 310. Let w be z(8). Calculate the greatest common factor of 81 and w.
3
Suppose -5*h = z - 119793, 2*h - 47922 = -30*z + 32*z. Calculate the greatest common factor of 494 and h.
247
Suppose 0 = a + 5*w - 397, 7*a - 8*a + 377 = w. Suppose 23*l - 801 - a = 0. What is the greatest common factor of l and 68?
17
Suppose -9*c - 72 + 198 = 0. Suppose 6*v = c + 22. Suppose v*t = 8*t - 352. Calculate the highest common divisor of t and 16.
16
Suppose -4*u + 168 = -200. Let n be 11 + u + -1 + (0 - 0). What is the greatest common factor of n and 153?
51
Let i = 81 + -30. Suppose 2*m - 2*h = -4, 5 = -3*m + 4*h - 6. Suppose -m*s + 50 = -1. What is the greatest common divisor of s and i?
17
Suppose 3*u - 16 = -u. Suppose -100 = -3*r + 2*r - 2*p, 3*r - u*p = 300. Let c = 229 - 204. Calculate the greatest common divisor of c and r.
25
Let q = 147 + -235. Let t = q + 135. Let v = -124598 - -124833. Calculate the greatest common factor of v and t.
47
Let g = 541 - 514. Calculate the highest common divisor of g and 69.
3
Let z = 120 - 265. Let x = z - -153. Suppose -o + 58 = 2*f - 3*o, 4*o - 100 = -5*f. Calculate the highest common factor of f and x.
8
Suppose 0 = -4*k + 63 - 